 6 + 2 + 0.
3
What is 3 - (-1 + 0 + 1)?
3
What is 3 - 2 - (9 - 16)?
8
Calculate (6 + -3 - 2) + 2 + -3.
0
(1 + -2 - (2 + -2)) + -2
-3
-4 - (-3 + 4) - (7 - 11)
-1
5 + -5 - (-18 + 8)
10
Evaluate 60 - 63 - (-1 + 2).
-4
-1 + -3 + 0 + (164 - 163)
-3
What is the value of (-7 - -5) + 6 - (2 - 8)?
10
What is the value of -5 - (3 - 4) - -7?
3
What is the value of -8 - (-6 + (6 - 0 - 6))?
-2
What is 2 + (-4 - (1 - -1 - 3))?
-1
What is -2 - (6 + (-2 - 3 - -1))?
-4
What is -1 + (-4 - -9) - (8 + 0)?
-4
-2 + (-4 - 1 - -4) - -1
-2
Calculate 14 + (-18 - (-13 + 9)).
0
What is (2 + -5 - (3 - 3)) + 4?
1
What is -1 + -13 + 15 + (0 - -4)?
5
What is the value of 6 - (-3 - ((-3 - -1) + -3))?
4
What is (20 - 26) + 7 - (8 - 2)?
-5
Calculate 0 - -1 - (-7 + 16 + -8).
0
What is the value of (-6 - (-3 + 4)) + 2?
-5
Evaluate -4 - (0 + 2) - 0.
-6
Evaluate -12 + 0 + 47 + -40 - -5.
0
Calculate (-3 + 1 - (-2 + -5)) + -7.
-2
What is the value of 30 + -28 - ((0 - 0) + 5)?
-3
What is the value of 1 - (2 + (-10 + 4 - -3))?
2
What is (-1 - (-2 - 0)) + -4?
-3
What is the value of -1 + 0 + (0 - (-3 - -1))?
1
What is the value of 11 + 1 + -5 + -1?
6
What is the value of -6 + 2 + 0 - -1?
-3
What is -11 - (2 - 8) - -1?
-4
Evaluate -1 + -1 - 2 - 1.
-5
Calculate (-6 - -17) + -5 + (1 - 6).
1
What is the value of 3 + -3 + (-6 + 7 - -1)?
2
What is -5 + -21 + 6 - -10?
-10
-3 + 5 + -2 + 3 + 1
4
Calculate 7 + -3 - ((3 - 0) + 0).
1
Calculate 3 + -1 + -4 + -2 + -4.
-8
Calculate 2 + (1 - (0 + (-4 - -4))).
3
-1 + -3 + 38 + -30
4
What is the value of 0 + -4 - 3 - -12?
5
-14 - -5 - (-13 + 8)
-4
Evaluate (-28 - -19) + 14 + -5 + 0.
0
-1 + 2 + -3 + -3 + 1
-4
What is 2 + 0 - (-13 - -10)?
5
-7 - (-6 + 10 + -7)
-4
What is the value of 6 + -1 + -1 + 2 + -7?
-1
Evaluate (4 - 5) + 2 - 3 - -3.
1
Evaluate 1 + -3 + (4 - (-1 - -9)).
-6
2 - (9 + -4 + -5)
2
What is -19 + 15 + 1 + 2 + -3?
-4
What is the value of 1 + (-5 - (-5 - -5)) + 5?
1
What is the value of (-6 + 3 - -7) + -2?
2
Evaluate -2 + 0 + (1 - 5) - -1.
-5
0 - 1 - -2 - (28 + -32)
5
-4 + 1 + 14 + 28 + -33
6
Evaluate -4 + 0 + -5 + (1 - -2).
-6
What is the value of -1 + -2 + -6 + 8 - -4?
3
Evaluate 3 + -2 - 5 - (-31 + 28).
-1
Evaluate (-11 + 36 - 11) + -11.
3
Evaluate 7 + (0 - 21) + -11 + 18.
-7
(2 - 12 - -16) + -7
-1
What is the value of 3 + (4 - (5 + 6) - -1)?
-3
-8 + -1 - -2 - (2 + -5)
-4
What is 2 + 4 + (-26 - (-1 - 11))?
-8
Calculate 13 + 1 + -14 - 0.
0
What is the value of 7 + (-5 - -9) + -9?
2
What is 4 + -3 + -2 - -6?
5
What is the value of (0 - (-12 + 3)) + 0?
9
Evaluate -14 + 0 + (11 - 0).
-3
(-11 + 1 - (70 + -73)) + 12
5
What is the value of 3 - 5 - (-2 - 3)?
3
What is (-5 - 5) + 3 - -5?
-2
Calculate 0 - ((-8 - -8) + 2).
-2
Calculate -5 - -3 - (0 + 1 + -4).
1
Evaluate -1 - (-1 + (-12 - -6)).
6
-4 - (-7 + (5 - 4))
2
Calculate 8 + -12 - (3 + -9 + 5).
-3
What is the value of -4 + 6 + 21 + -25?
-2
What is the value of 6 - (7 - (-3 + 7))?
3
What is the value of 4 + (0 - 5 - -2)?
1
What is the value of (2 - (6 - 8) - 4) + -3?
-3
Evaluate 11 + 1 + -9 + -2 + -5.
-4
What is 2 + -6 - 0 - -5?
1
What is the value of -2 + -5 - -12 - 5 - 5?
-5
What is the value of -1 + 3 + (-5 - (9 - 12))?
0
What is 7 - (6 - (-9 + 7))?
-1
Evaluate 23 - 16 - (1 + 1).
5
What is -4 + (-2 - 3) + 4?
-5
What is -1 + 0 - (-5 + 3 - 2)?
3
(-119 - -117) + -2 + 10
6
Calculate 6 - (-3 - (-2 - 9 - -4)).
2
What is -2 - (1 + -1) - 2?
-4
(-1 - 2) + 9 - -1
7
What is the value of 4 + (0 - -3 - 4) + 3?
6
What is (1 - -8) + -13 - (2 - -1)?
-7
What is the value of (2 - 0) + (-17 - (-5 - 6))?
-4
What is the value of (-1 - -4) + -1 + 4?
6
Calculate (-1 + -6 - 0) + (-3 - -5).
-5
Evaluate -12 + (-5 - (-11 + 2)).
-8
Calculate (-1 - (-5 - 0)) + 36 + -35.
5
What is (-1 - -1 - 0) + -53 + 54?
1
0 + 15 - (-39 + 49)
5
What is the value of -9 + (0 - -4 - (-9 + 10))?
-6
(9 - (0 + 3)) + -2
4
What is the value of -1 + 3 - (2 + -1 + -3)?
4
Calculate 12 + -28 + 12 + -1 + 1.
-4
Evaluate (-8 - 4) + 5 - -2.
-5
15 + -6 - 8 - -5
6
What is 4 + -2 - 8 - (-209 - -197)?
6
What is -12 - (5 - (25 + -10))?
-2
Evaluate 1 + -25 + 15 + 2 + 4.
-3
(1 - (0 + -2 + 4)) + 0
-1
Evaluate 6 + -6 - ((0 - 0) + -2).
2
What is the value of -2 + (-2 - -4) + -1 - 0?
-1
What is the value of 9 - (9 + -3 - -4)?
-1
Evaluate (11 - (3 + 7)) + (-5 - -1).
-3
Evaluate (-1 - 4) + 3 + -16 + 20.
2
Calculate -2 + -4 + 2 + 4.
0
Calculate 3 + -1 - (-3 + (-5 - -4)).
6
Calculate (-2 - 2) + 1 + -8 + 7.
-4
What is 5 + -6 + 1 + -2?
-2
Evaluate 10 + -13 + (2 + 0 - 1).
-2
What is the value of -8 + 2 - (3 - 6) - 1?
-4
What is -4 - (7 + (-1 - 5))?
-5
What is -2 + (2 - 2 - -1)?
-1
What is 2 + 4 + (4 - 16)?
-6
What is 3 + ((3 - 0) + -5 - 5)?
-4
What is the value of 0 + 2 + -5 + 3 + 1?
1
What is the value of -4 + (0 - (-6 + 3) - 4)?
-5
Calculate 9 + -4 - (-1 + 0 - -3).
3
Evaluate (-3 - (-3 - (0 + -2))) + 0.
-2
-13 + -2 + 6 - -2
-7
(9 - (3 + 1)) + -1 + -3
1
3 - (-1 + (12 - (6 + -3)))
-5
-2 + -1 + 9 + (0 - 3)
3
What is the value of -15 - -1 - (5 + -14)?
-5
What is the value of 18 + -2 - (-32 + 40)?
8
Evaluate -10 + 3 + 5 + 4.
2
Evaluate -7 + (-4 - -7) + -2.
-6
What is the value of (3 - (-3 - -1)) + (1 - 2)?
4
(-2 - (2 + -1)) + 311 + -306
2
-10 - (3 + 3 + -12)
-4
What is (-12 - -20) + -1 + -1 + -3?
3
Evaluate ((-3 - -3) + 1 - -1) + -5.
-3
Evaluate 4 + 4 + 3 + -6 + -5.
0
What is 13 + -13 + 3 + 2?
5
Evaluate 4 - (4 - 4) - 2 - 3.
-1
Calculate (5 - 6) + -1 + 5 + 0.
3
What is the value of (-13 - 0) + (4 - (0 - -1))?
-10
Calculate (-4 - (6 - 9)) + 5.
4
Evaluate -1 + 6 + 9 + (-10 - 8).
-4
What is 0 + -5 + 1 + 2 + 7?
5
0 + -3 - 1 - -8 - 8
-4
What is (1 - (-9 + 8)) + 1 + 2?
5
What is -3 + 0 - (26 + -24)?
-5
What is -7 + (9 - (-6 - -10))?
-2
-14 - -21 - (9 + 1)
-3
What is 1 - ((-1 - 1) + 0 + 0)?
3
Calculate 29 + -23 + -12 + 1.
-5
Evaluate (1 - 4) + 7 + -4 + -2.
-2
-5 - (-2 - 0) - (3 + 0)
-6
Calculate (-2 - 0) + (-5 + 4 - 1).
-4
What is -2 - (1 + 3 - 5)?
-1
Evaluate -1 - (-6 + -1 + 3).
3
-12 + (1 - (-15 - -8))
-4
Calculate (5 - (21 - 11)) + 10.
5
Evaluate 2 + -1 + (-83 - -78).
-4
What is (1 - -3) + (2 - 1) + -4?
1
((-8 - -4) + -3 - -2) + 2
-3
5 + -7 - -3 - (-2 + -2)
5
What is the value of 1 - 0 - (18 - 8) - -4?
-5
What is the value of -1 + 7 + 2 + -3 + 1?
6
What is the value of 7 - (-6 + 7 + 7)?
-1
Calculate 0 + -4 + 42 + -44.
-6
Evaluate 2 - (-3 - (1 + 3 + -4)).
5
(35 + -39 - (-1 + 1)) + 2
-2
Evaluate -1 + -2 + (0 - -5) + -6.
-4
Evaluate 8 - 3 - (-2 - -2).
5
Evaluate -4 + 4 - (1 + 2 + -3).
0
(12 - -3 - 12) + 0
3
What is the value of (0 - -2) + -1 + 4?
5
What is 0 + 4 + (-4 - 3)?
-3
Calculate 4 + -4 + -1 - (-2 - 1).
2
(-1 - -5) + (10 + -16 - 4)
-6
What is the value of 8 - (3 + 8) - (-2 - -4)?
-5
What is -12 + (11 - 9) - -5?
-5
What is the value of 2 - (6 - (-8 - -5)) - -2?
-5
6 + -33 + 14 + 9
-4
Evaluate 0 - (0 + 1 + (-5 - -3)).
1
Evaluate -4 + (1 - -4) + -3.
-2
Calculate 6 - 2 - (-19 - -28).
-5
What is 15 - 20 - (0 + 1)?
-6
Calculate 1 - (-1 + 0) - (-12 - -18).
-4
Calculate -7 + 12 - (1 + 3).
1
(-1 - -2) + -4 - (14 + -18)
1
3 - ((1 - -6) + -3)
-1
What is the value of 6 + -5 - (-4 + 12)?
-7
What is -5 + -11 + 14 + -2 + 2?
-2
Calculate -6 - (0 + 7 + 2) - -5.
-10
Evaluate 1 + (9 - (0 - -5)) - 2.
3
0 + -1 - (-7 + (0 - -1))
5
What is (-11 - 2) + 11 + 0 + -4?
-6
What is -2 + (8 - 3) + 2?
5
What is the value of 1 + 1 + (28 - 26)?
4
Calculate 3 + 0 + -6 + 7.
4
Evaluate -1 + -1 + -3 + (-1 - -2).
-4
Calculate 11 + -25 + 15 + 0 + -4.
-3
What is (2 - 1) + 3 + -3?
1
-1 + -5 + 6 - 5
-5
What is the value of -3 + (3 - (3 - 2)) + -1?
-2
Calculate 19 - 21 - (4 + -3).
-3
(33 - 34) + (-1 - 1) - 1
-4
Calculate -4 + -1 + -5 + 13.
3
Evaluate (-3 - -5) + (4 - 4).
2
-3 + (0 + 2 - 0) - 3
-4
Evaluate -1 - (1 - 0 - (-17 + 20)).
1
What is the value of 0 + -4 + (4 - 2)?
-2
What is the value of 0 + (0 - -4 - -1)?
5
What is the value of 12 - (5 + 7) - 0?
0
What is -1 - 0 - (3 + -1)?
-3
-9 + 5 - -5 - (-1 + 4)
-2
Calculate 2 + (3 - -2) + -10.
-3
What is 3 + (4 - (-3 - -15))?
-5
What is the value of 0 + (-12 - (-12 - -6))?
-6
Evaluate (-8 - -23) + -9 + -5.
1
Calculate 51 + -59 - (-8 - -2).
-2
What is the value of 20 - (3 - -9) - 11?
-3
26 + -24 + (1 - -1) + -1
3
What is 6 + -14 + 6 + -3?
-5
0 + 2 - (13 + -6)
-5
Evaluate -1 - -2 - (-25 + 24).
2
What is -4 + (23 - (-6 + 20))?
5
What is 0 + 2 - -3 - 2?
3
Calculate -1 